- -34. Suppose -z - 3 = -5*h - 0, -5*h = 4*z - 13. Let q = 45 - z. What is the remainder when q is divided by m?
20
What is the remainder when (-2)/(4*(-4)/216) is divided by (-1*2/(-3))/(2/21)?
6
Suppose -8*q - 150 = -13*q. Calculate the remainder when q is divided by 11.
8
Let n be 4 + -3 - (-283 + 1). Suppose -g - 3*g = 16, 3*t + n = -g. Let w = -60 - t. What is the remainder when w is divided by 18?
15
Let f = 10 + -3. Let i = f + 17. Suppose 0*d = -5*d + 225. What is the remainder when d is divided by i?
21
Suppose 4*p - 7 = -5*m, 4*p - 13 = 4*m - 3*m. Calculate the remainder when 27 is divided by m - (-186)/12 - (-2)/4.
12
Suppose 3*j = 0, -17*j + 20*j + 864 = 3*y. Calculate the remainder when y is divided by 49.
43
Suppose 0 = 3*q - 96 - 63. What is the remainder when q is divided by 17?
2
Suppose -4*m = 4, -4*h + 994 = 8*m - 6*m. What is the remainder when h is divided by 32?
25
Let m = -54 - -84. Let b = m + 24. Calculate the remainder when b is divided by 19.
16
Suppose 41*d = 49*d - 312. What is the remainder when d is divided by 7?
4
Suppose 4*t - 39 - 85 = 0. Suppose -5*u + 1 = 36. Let r(d) = -d**3 - 8*d**2 - 9*d - 3. Calculate the remainder when t is divided by r(u).
9
Suppose 4*l + 7 = -1. Let w be l + 5 + (-5)/(-1). Suppose -n = -0*n - w. What is the remainder when 21 is divided by n?
5
Let y = -147 + 439. What is the remainder when y is divided by 14?
12
Suppose -2*w - 4 = 2*i, -2*w + 0*i = 3*i + 8. Let s(h) = -2*h + h**w - 5 + 14*h + 0. What is the remainder when s(-16) is divided by 16?
11
Let z(j) = 3*j + 87. What is the remainder when z(-18) is divided by 9?
6
Suppose -140*w + 151*w - 143 = 0. What is the remainder when 28 is divided by w?
2
Let i = 1001 + -993. Calculate the remainder when 494 is divided by i.
6
What is the remainder when (2 + 2835/49)*7 is divided by 12?
11
Let d(c) = 3*c - 34. What is the remainder when 75 is divided by d(15)?
9
Let t(a) = -a**3 - 43*a**2 + 44*a + 99. What is the remainder when 382 is divided by t(-44)?
85
Let l(m) = -m + 2*m**3 + 7*m**2 + 8 + 2*m**3 + 2*m - 5*m**3. Calculate the remainder when l(7) is divided by (-56)/(-8) - 6/2.
3
Suppose -3*f + 1259 = r, 2521 = 2*r + 4*f - f. What is the remainder when r is divided by 16?
14
Let h = -57 + 62. Suppose 0 = -w + h + 47. Calculate the remainder when w is divided by 14.
10
Suppose 65 = 11*y - 6*y. Let j(z) = -z + 22. Calculate the remainder when j(y) is divided by 6.
3
Suppose 0 = 3*f + 4*h + 289, 2*h - 283 = f + 2*f. Let c = -68 - f. Calculate the remainder when c is divided by 1*-7*(-2)/2.
6
Suppose -6*g - 23 = -7*g. Let t(r) = r**2 - 26*r - 32. Let l be t(28). Let j = g + l. What is the remainder when j is divided by 16?
15
Let d(n) = -n**2 + 9*n - 9. Let j(u) = u + 7. Let v be j(0). Let y be d(v). Suppose y*f - 249 = 1. What is the remainder when f is divided by 13?
11
What is the remainder when (-9)/(-15) + (-11922)/(-30) is divided by 16?
14
Let f(c) = -16*c - 168. Calculate the remainder when f(-17) is divided by 15.
14
Suppose -11*l - 3*i = -13*l + 26, 5*l = 3*i + 74. Calculate the remainder when 120 is divided by l.
8
Suppose -4*o - 5 = -9*o. Let h(f) = 7*f**3 + 3*f**2 - 11*f + 7. Calculate the remainder when h(2) is divided by (o + 2)/((-1)/(-6)).
17
Let r be 0 + 2 + -3 - 28. Let g = r - -33. Suppose -12 = -3*i + 3*s, -i = g*i + 5*s. Calculate the remainder when 2 is divided by i.
0
Let a = 452 + -420. Let l(x) = -19*x - 1. What is the remainder when a is divided by l(-1)?
14
Suppose 2*d - 6*d + 112 = 0. What is the remainder when (-277)/(-7) + d/(-49) is divided by 21?
18
Suppose -7*a + 779 = 303. Calculate the remainder when 134 is divided by a.
66
Suppose 0 = 5*h + 12 + 8, h - 46 = -5*f. What is the remainder when 19 is divided by f?
9
What is the remainder when (70/(-120)*-6)/((-2)/(-28)) is divided by 15?
4
Suppose 0 = 3*p + 2*p + 5. Let w be p/(1*1/(-5)). Suppose 0 = 4*i - w - 31. Calculate the remainder when 23 is divided by i.
5
Let j = -58 + 64. Let g(w) = 2*w - 7. Calculate the remainder when j is divided by g(5).
0
Suppose -16*j + 42*j - 9750 = 0. What is the remainder when j is divided by 20?
15
Suppose -4*c + 2*q + 10 = 0, -q + 3 = 3*c - c. Suppose 99 = 4*p - 5*v - 4, -4*p + 106 = -c*v. Calculate the remainder when 52 is divided by p.
25
Let l be (-29206)/221 + 2/13. Let r = l + 231. What is the remainder when r is divided by 26?
21
Let y(h) = -3 - 14 + h + 3*h. Calculate the remainder when 7 is divided by y(5).
1
What is the remainder when 234*(-3 - -7)/12 is divided by (122/(-3))/(-2) + 2/3?
15
Suppose -22*j = -32*j + 6690. Calculate the remainder when j is divided by 32.
29
Calculate the remainder when (-30 + (1 - -1))*-1 is divided by (12 - 9)/(12/40).
8
Suppose -5*m + p + 4657 = 875, 0 = -m + 2*p + 751. What is the remainder when m is divided by 69?
67
Suppose 10*a - 1324 = -1184. Suppose 5*l + 444 = 4*d + 181, -332 = -5*d + 3*l. What is the remainder when d is divided by a?
11
Suppose 5*b = 20 + 355. Let h = b + -38. Calculate the remainder when h is divided by 4.
1
Suppose 4*f = 3*t - 7, -22 = -2*t - 4*f - 4. What is the remainder when 13 is divided by t?
3
Let d = 509 + -487. Let l(p) = p**2 + 48. Let h be l(0). Suppose 0 = 2*n + 2*n - h. Calculate the remainder when d is divided by n.
10
Let j(d) = -2*d - d**3 + 10*d**2 - 13*d**2 + 12 - 4*d**2. What is the remainder when 51 is divided by j(-7)?
25
What is the remainder when 177 is divided by (855/(-76))/(2/(-8))?
42
Suppose 4*g + 0*g + 11 = l, -3*l - 2*g = -5. Suppose -54 = -4*h + 4*c - 2*c, -5*h = -l*c - 66. Calculate the remainder when 87 is divided by h.
12
Let o(j) = j**2 - 10*j - 20. Let a(n) = n**3 + 5*n**2 - n - 1. Calculate the remainder when o(14) is divided by a(-4).
17
Let h(j) = -2*j**2 + 4*j**2 + 3*j - 8*j + 7. Suppose -k = -17 - 7. Calculate the remainder when h(7) is divided by k.
22
Let z(l) = 2*l - 5. Let k be z(-7). Let j = -4 - k. What is the remainder when j is divided by 6?
3
Let g(j) be the second derivative of 0 + 1/20*j**5 + 1/3*j**3 - 7/12*j**4 - 4*j - 9/2*j**2. Calculate the remainder when g(7) is divided by 2.
1
Let q = 15 - 24. Calculate the remainder when 56 is divided by (0 - q)/(-3) - (-27 - -5).
18
Suppose -2*r + 5*r - 4 = -2*d, 4*r - 2*d - 24 = 0. Calculate the remainder when ((-6)/(-2))/(18/108) is divided by r.
2
Let r = -119 - -62. Let q = -43 - r. Calculate the remainder when 35 is divided by q.
7
Suppose -8 = -l + 20. Calculate the remainder when 137 is divided by l.
25
Let f(u) = -u + 100. What is the remainder when 218 is divided by f(0)?
18
Let f(g) = g**2 - 3*g. Suppose 23*y - 18*y - 20 = 0. What is the remainder when f(4) is divided by y?
0
Calculate the remainder when 175 is divided by 1175/23 + (2508/(-276) - -9).
22
What is the remainder when 102 is divided by 64/30 - 2 - (-3472)/60?
44
Suppose 3*k + 12 = -k, -4*k = -2*y + 82. Let n = y - 18. Suppose 3*i = 92 + 103. What is the remainder when i is divided by n?
14
Let c = -18 + 22. Suppose -4*y + 2*s + 40 = 6*s, -2*y + c*s = -26. Calculate the remainder when 30 is divided by y.
8
Let s(b) = -17*b**3 + 138*b**2 - 10*b - 2. Suppose 4*l + 3*z - 738 = 0, -5 = -3*z + 1. What is the remainder when l is divided by s(8)?
45
Suppose 5*g - 120 = -4*h, 4*g - h + 3*h = 96. Suppose -g*x + 19*x = -130. What is the remainder when 129 is divided by x?
25
Suppose 0*u - 6 = -3*u. Suppose -3*n + 221 = x + 14, n - u*x - 62 = 0. Suppose -3*y + n = -4. What is the remainder when 95 is divided by y?
23
Let y(m) = 67*m - 259. What is the remainder when 438 is divided by y(4)?
6
Suppose -30 = -5*v + 5*o, -5*o = 13 + 7. Let r be (-15)/(-10) + (-15)/v. What is the remainder when 10 is divided by (-15)/r - 2/(-4)?
1
Suppose 0 = -10*b - 48 + 168. Let y(w) = -w**3 - 3*w**2 - 2*w + 1. Let j be 10/(-55) - (-31)/(-11). What is the remainder when b is divided by y(j)?
5
Let h = 30 - 26. Suppose -4*l = -5*y + 71, 2*y + h*l - 2 - 4 = 0. What is the remainder when 21 is divided by y?
10
Let k = -7 + 15. Suppose -k = -0*h + h. Let u = h + 16. What is the remainder when 28 is divided by u?
4
Let t(o) = -2*o**3 - o**2 - 4*o - 46. Calculate the remainder when t(-5) is divided by 50.
49
Let m = 5 - 2. Let l = 0 + m. Calculate the remainder when 5 is divided by l.
2
Let v(z) = 7*z - 60. What is the 